j?
12
Let h(x) = x**2 - 3*x - 3. Let r(s) = 31*s - 2. What is the remainder when r(1) is divided by h(6)?
14
Calculate the remainder when 6/30 + (-154)/(-5) is divided by 11.
9
Let m = -152 + 105. Let d = m - -69. Calculate the remainder when d is divided by 12.
10
Suppose 0*v + 6 = 2*v. Suppose 3*h + t - 13 = -1, -t = -2*h + v. Suppose -4*z + 37 = -h. Calculate the remainder when z is divided by 6.
4
Let k(c) = c + 20. What is the remainder when 17 is divided by k(-11)?
8
Suppose 0*h - 48 = -4*b - 4*h, 2*b = -3*h + 26. Suppose -k + b = -6. What is the remainder when k is divided by 6?
4
Let h = -4 + 8. Let w(r) = 5*r + 1. Calculate the remainder when w(2) is divided by h.
3
Let a be 30/9 - (-4)/6. Let l = a + -6. Let o = l + 4. What is the remainder when 2 is divided by o?
0
Suppose -2*y = 2*y + 12. Let q(i) = i + 4. Calculate the remainder when 0 - ((-2 - -1) + -1) is divided by q(y).
0
Let n(i) = -2*i**2 - 15*i + 11. Calculate the remainder when 32 is divided by n(-7).
14
Let f(h) = 108*h**3 - 2*h**2 - h + 1. What is the remainder when f(1) is divided by 18?
16
Calculate the remainder when ((-42)/8)/(1/(-12)) is divided by 16.
15
Let y = -9 - -9. Suppose d - 17 = -y*d. Calculate the remainder when 32 is divided by d.
15
Suppose -4*b = -5*l + b + 60, -4*b + 8 = 3*l. Let s(o) = -3 + o + l + o. What is the remainder when 37 is divided by s(4)?
11
Let l = -61 - -110. Suppose 0 = -3*r - 3*k + 54, 3*r + 0*r + 5*k - 56 = 0. What is the remainder when l is divided by r?
15
Let i(f) = -2*f**3 - 5*f**2 - 4*f - 2. Calculate the remainder when i(-3) is divided by 10.
9
Let s(d) = 20*d**2 + 4 - 5 + 5*d + 4*d**2 - 3*d. Let o be s(1). Calculate the remainder when o - 3*(2 - 1) is divided by 12.
10
Suppose 2*w + 0*a - 25 = -5*a, 6 = 2*a. Let g = -6 - -10. Suppose g*v + 0*v - 3 = 3*h, 0 = -3*v + 2*h + 3. What is the remainder when w is divided by v?
2
Let s(i) = -i - 10. Let h be s(-3). Let q(j) = -j**3 - 5*j**2 + 5*j - 10. Calculate the remainder when q(h) is divided by 14.
11
Let c(i) = -i**2 - 6*i - 3. Let j be c(-5). Suppose -4*d + 14 = -j. Suppose 3 = -d*p - f + 24, -f - 15 = -2*p. Calculate the remainder when 16 is divided by p.
4
Let g(i) = -3*i + 18. What is the remainder when 189 is divided by g(-10)?
45
Let s be ((-3)/1)/(-6)*8. Suppose -5 = i, -162 = -s*j - i + 13. What is the remainder when j is divided by 16?
13
Suppose 3*u - 4*l - 63 = -2*u, 0 = u + l - 9. Calculate the remainder when 0 + 1 + 0 + -5 + 34 is divided by u.
8
Suppose -4*b - 2*v + 36 = 3*v, -4*v = b + 2. Calculate the remainder when 54 is divided by b.
12
Let d(f) = 2*f + 2. Let k = 24 + -14. Suppose 0 = 4*u + 2*s - 8 - k, -5*s + 5 = 0. What is the remainder when 28 is divided by d(u)?
8
What is the remainder when 132 is divided by 519/27 + (-4)/18?
18
Suppose 0 = 8*s - 5*s - 189. What is the remainder when s is divided by 22?
19
Suppose 4*c = 5*c - 24. Let p = 30 - 17. What is the remainder when c is divided by p?
11
Let u(h) = -h**2 - 10*h + 10. Let p be u(-8). Let x = -14 + p. Calculate the remainder when 22 is divided by x.
10
Let j = -18 - -22. Suppose -m = 3*q - 23, 0 = 3*m - j*m + 5. Calculate the remainder when 10 is divided by q.
4
Suppose 3*c - 5 = -3*v + 1, v = -4*c + 8. Suppose -3*b + v*j = 2*j - 108, 2*j = 0. Calculate the remainder when b is divided by 19.
17
Let w(c) = 31*c**2 - c - 2. What is the remainder when 55 is divided by w(-1)?
25
Calculate the remainder when 18 is divided by 1*((-3)/5 - (-69)/15).
2
Suppose -4*c + 588 = -3*i, 0*c - 147 = -c - i. Calculate the remainder when c is divided by 25.
22
Let d(u) = u**3 - u**2 - 5. Suppose 0*j = -j + 15. What is the remainder when d(4) is divided by j?
13
Suppose 0 + 3 = 3*h, -z = h - 32. Let s = z - 16. Calculate the remainder when 57 is divided by s.
12
Let d be 3 - 6/4*2. Suppose -4*a - 4*l + 432 = a, -3*a + l + 266 = d. Calculate the remainder when a is divided by 30.
28
Let d = 60 - 8. Suppose 2*q + 72 = -2*s, -5*q = 4*s - 8*q + 137. Let c = s + d. Calculate the remainder when c is divided by 6.
5
Let m be 47/3 - 1/(-3). Suppose 2*c - 4*z = 26, -23 = -3*c + z + z. Suppose -m - c = -d. What is the remainder when 61 is divided by d?
19
Suppose 2*q + 4*z - 12 = 0, -3*q = -7*q - 2*z. Calculate the remainder when 14 is divided by q/(-12) - 87/(-18).
4
Suppose -2*i = i - 9. Suppose -21 = -m + i*k, m - 9 = -0*m - 3*k. What is the remainder when 27 is divided by m?
12
Let q be (-4)/14 + (-2086)/(-98). Suppose 15 = 4*l - q. What is the remainder when 34 is divided by l?
7
Let j(c) be the second derivative of c**3/3 - 5*c**2/2 - c. Let l(y) = 26*y**2 - y. What is the remainder when l(1) is divided by j(7)?
7
Let x = 35 - 9. Let s(f) = -11*f**2 + 2*f - 1. Let c(b) = b**2 + b - 1. Let d(q) = 2*c(q) - s(q). Calculate the remainder when d(-2) is divided by x.
25
What is the remainder when 12 + 6 + -3 + 0 is divided by 9?
6
Let s(z) = z**3 - 3*z**2 + z + 3. What is the remainder when 45 is divided by s(4)?
22
What is the remainder when 5/(-10)*(-56 + -2) is divided by 11?
7
Let b = 72 + -27. Suppose 5*g = 5*i + b, 3*g - 24 = -0*g + 2*i. What is the remainder when 11 is divided by g?
5
Let u = -28 + 59. What is the remainder when 120 is divided by u?
27
Suppose f - m - 33 = 0, 2*m - 3 - 7 = 0. What is the remainder when f is divided by 9?
2
Suppose -5 = -4*q + 15. Suppose 5*n - 20 - 6 = -2*t, q*n = t - 13. Suppose t = 4*o - 11. What is the remainder when 11 is divided by o?
5
Suppose -y + 1035 = 4*j, -2*j - 5*y + y = -528. Calculate the remainder when j is divided by 52.
50
Suppose 0*n + 32 = 4*n. What is the remainder when 45 is divided by n?
5
Let v = 8 - -1. Let g(p) be the second derivative of p**4/6 + p**3/3 + p**2/2 + p. Calculate the remainder when g(3) is divided by v.
7
Let b(m) = -5*m + 2. Calculate the remainder when 166 is divided by b(-2).
10
Suppose 3*v - 5*v = -2*p - 22, -v + 7 = -5*p. Calculate the remainder when v is divided by 8.
4
Suppose 3*s - 5*c = -4*c - 4, s = 3*c + 4. Let g be 6/1*(-1)/s. Suppose g*r - 3 - 9 = 0. Calculate the remainder when 10 is divided by r.
2
Let d(i) = -3 + 3 + i**2 - 6 + 4*i. Calculate the remainder when d(-9) is divided by 20.
19
Suppose 2*n + 3*p - 88 = 0, 176 = 3*n + n - p. What is the remainder when n is divided by 15?
14
Let z(b) = -8*b**2 - 4*b - 4. Let r(l) = -l**2 - 1. Let k(i) = 2*r(i) - z(i). Calculate the remainder when k(-2) is divided by 7.
4
Let t be (-4)/3*(-3)/2. Let c(z) = 9*z - 1. Calculate the remainder when c(4) is divided by (-9)/(t/(8/(-3))).
11
Let i be -2 - -2*(-1 - -3). Suppose i*c = 2 + 4. What is the remainder when 5 is divided by c?
2
Suppose p - 3*y + 5*y = 5, -y = p - 6. Calculate the remainder when (-94)/(-3) - (-4)/6 is divided by p.
4
Let o = 12 - -1. Calculate the remainder when o is divided by (24/4)/((-6)/(-4)).
1
Let t(p) = 17*p. Calculate the remainder when t(1) is divided by 7.
3
Let x(r) be the first derivative of -5*r**2/2 - 15*r + 3. Let q be x(-10). Let k = q - -4. What is the remainder when k is divided by 14?
11
Suppose 5*c - 19 - 147 = -4*u, -3*u = 3*c - 102. Calculate the remainder when c is divided by 8.
6
Let d(f) = -8*f - 9. Calculate the remainder when 75 is divided by d(-6).
36
Let m be 133/5 - (-4)/10. Let y = m + -15. Suppose -4*i + y = -2*p, 2*p - 13 = -i - 0. What is the remainder when 10 is divided by p?
2
Suppose -4*q = -4*z + 2*z + 454, 5*q - 3*z = -569. Let a = -46 - q. Let w = a - 34. What is the remainder when w is divided by 11?
10
Let w = -40 - -64. What is the remainder when 91 is divided by w?
19
Suppose x + 11 = 3. Let p = 13 + x. What is the remainder when 12 is divided by p?
2
Suppose -8 = 3*g - 143. What is the remainder when g is divided by 24?
21
Suppose -2*z + 24 = 2*z. What is the remainder when z is divided by 2?
0
Let p = 33 + -11. Let z = -4 + p. Calculate the remainder when z is divided by 5.
3
Suppose 2*z - 3*l = -1, -3*z + l - 6 + 1 = 0. Let f(h) = -5 - 2 - 3*h + 5. What is the remainder when 7 is divided by f(z)?
3
Let y(a) = a**2 - a + 4. Calculate the remainder when y(5) is divided by 13.
11
Let l(x) = 0 - 1 - 1 - 2*x. Calculate the remainder when 22 is divided by l(-7).
10
Let x = -18 - -23. Calculate the remainder when 9 is divided by x.
4
Suppose -x - 3*v + 4 = 0, -3*v = 5*x - 3*x - 14. Let